 - 6*b. What is the units digit of o(u)?
0
Let v(m) = -2759*m**3 + 4*m**2 + m - 1. What is the units digit of v(-1)?
1
Let k(s) = 3*s**2 + 14*s - 28. What is the hundreds digit of k(-12)?
2
Suppose -3*l + 2*s = 130, 0 = 4*s - 7 - 13. Let o = 235 + l. What is the units digit of o?
5
Let n(k) = -k**2 - 13*k - 7. Let a be n(-12). Suppose d + a - 3 = 0. What is the units digit of 6/4 + (-51)/d?
7
Suppose l = -2, 2*l + 37 = 3*d - 0*l. Let f(h) = -2*h**2 - 4*h**3 + 2*h**3 + 5*h**3 + 1 - d*h**3. What is the units digit of f(-1)?
7
What is the units digit of ((-12)/(-96)*-26)/(3/(-3276))?
9
Let l be 39/13 - (1 - -2). Suppose l*o = 5*o - 15. What is the units digit of (o/(-2))/((-2)/8)?
6
Suppose 4*i = 2*i - 2*i. Suppose -32*z + 31*z + 147 = i. What is the units digit of z?
7
Let v = 41 - 4. Let k be (-6)/(-1) + (-9)/((-9)/(-3)). Let y = v - k. What is the units digit of y?
4
Let t(y) = -5*y**2 - 2*y**2 + 6*y**2 - 29*y - 52. What is the units digit of t(-21)?
6
Let r(a) = a**2 + 5*a - 12. Let l be ((-3)/2)/((-6)/12). Let n = l - 12. What is the units digit of r(n)?
4
Let t be ((-28)/(-2))/((-4)/(-6)). Let k = -19 + t. Suppose k*b = 5*b - 126. What is the units digit of b?
2
Suppose -2*j = j - 15. Suppose j = z + x - 23, x + 26 = z. What is the units digit of z?
7
Let y(x) be the first derivative of -37*x**2/2 - 25*x - 6. Let f(n) = 9*n + 6. Let o(k) = -9*f(k) - 2*y(k). What is the units digit of o(-3)?
7
Suppose 2 = 2*a - 0, 0 = -4*v + 3*a + 1729. What is the units digit of v?
3
Let y = 787 - 508. What is the tens digit of y?
7
Let c = -2 + 23. What is the units digit of (7/c)/((-74)/(-36) + -2)?
6
Let g(s) = -s**2 + 19*s + 29. What is the units digit of g(9)?
9
Let z = 894 - 417. Suppose z = -24*y + 27*y. What is the tens digit of y?
5
Let b = -582 + 658. What is the units digit of b?
6
Suppose r - x - x - 106 = 0, -5*r - 2*x + 470 = 0. Suppose 6*i + r - 408 = 0. Let o = 117 - i. What is the units digit of o?
5
Suppose 5*i = -10, 3*s - i - 18 = 2*i. Suppose 3*m = s*m - 5. Suppose -2*u - 2*h = -74, 165 = m*u - 5*h - 20. What is the tens digit of u?
3
Let r be -21*((-6 - -1) + 0). Suppose -2*u + r - 13 = 0. What is the tens digit of u?
4
Let z = 7 + 35. Let f = -31 + z. What is the units digit of f?
1
Suppose 3*g - 2*h = 4*g - 64, 5*g - 306 = 4*h. What is the tens digit of g?
6
Let m(v) = -v**3 + 4*v**2 - 3*v + 3. Let c be m(3). Suppose 2*d + 116 = c*z, 2*z - 5*d - 22 - 70 = 0. What is the tens digit of z?
3
What is the units digit of 14520/24 - (-4 + -1)?
0
Suppose 12*d = 14*d - 90. What is the tens digit of d?
4
Suppose 4*x - 3*x = 0. Suppose -9*c + 10*c - 5 = x. Suppose c*g - 4*d - 34 = 0, 5*g - 32 = 3*d + 1. What is the units digit of g?
6
Let z = 13 - -13. Let r = 14 - z. What is the units digit of ((-37)/3)/(4/r)?
7
Let u = -3326 + 5814. What is the tens digit of u?
8
Let r(l) be the third derivative of l**5/20 + 3*l**4/8 - 2*l**3 - 7*l**2. Let w be r(7). What is the tens digit of (2/(-3))/((-3)/w)?
4
Suppose -4*n + 2*n = 6. Let k be (-2 + 1)*(n + 0). Suppose k*u - 32 - 7 = -3*l, 0 = 3*l + 3. What is the tens digit of u?
1
Suppose -4*t - 1574 = 106. Let x = t - -679. What is the hundreds digit of x?
2
Suppose -21*r - 7*r + 1316 = 0. What is the units digit of r?
7
Let n = 8 - 6. Suppose 3*k - 333 = -3*i, -n*i - 48 = k - 156. What is the units digit of k?
4
Suppose 26*c + 11*c = 19758. What is the hundreds digit of c?
5
Suppose -3*h = -h - 10. Suppose -75 = h*m - 0*m. What is the tens digit of (-5)/(m/(-18))*-2?
1
Suppose 11*o - 3547 + 1325 = 0. What is the units digit of o?
2
Suppose -25*o - 440 = -30*o. What is the units digit of o?
8
Let d(h) = 2*h**3 - 13*h**2 - 11*h + 116. What is the units digit of d(12)?
8
Suppose 23302 = 48*i - 842. What is the tens digit of i?
0
Suppose -3*o = 2356 - 880. What is the tens digit of 185/(-37) - o/2?
4
Suppose -2*l = 3*l - 565. Let y = l + 8. What is the hundreds digit of y?
1
Let x(n) = 10*n**3 + 2 - 22*n**2 + 7*n**2 - 13*n**3. What is the units digit of x(-6)?
0
Let k = 175 + 134. Let z = 440 - k. What is the units digit of z?
1
Let i = 158 - 73. What is the units digit of (-2 - -3)/(-2 - -3)*i?
5
Let q(f) = 3*f + 113. What is the units digit of q(7)?
4
Let s be (9/4)/(3/184). Let q = 196 - s. What is the tens digit of q?
5
Let a = 3 + -5. Suppose -17 = -q + r, 0 = q - 3*r - 1 - 10. Let t = q + a. What is the units digit of t?
8
Suppose 638*x - 628*x - 8330 = 0. What is the tens digit of x?
3
Suppose -7 + 1 = -2*q - v, -3*q + 22 = -5*v. Suppose -3*s + 2*s + 8 = 0. Suppose -178 = -3*f + 5*g, q*f - 3*g + s*g = 214. What is the tens digit of f?
5
Let p = 8132 - 4185. What is the units digit of p?
7
Let i be 6*(-2)/(-2) - 4. Suppose i - 36 = -u. What is the units digit of u?
4
Let s be 18/(-1 - -4) + -2. Suppose s*f = 19*f - 3510. What is the units digit of f?
4
Let t = -20 + 25. Let f(c) = 2*c**3 + 6*c**2 + 5*c - 2. Let p be f(t). What is the units digit of (-6)/(-8) - p/(-12)?
6
Let f(l) = -2*l - 2. Let k be f(-3). Suppose 4*m = w + w + 28, k*w = -8. What is the units digit of (8/m)/(12/198)?
2
Let t = 43 + -41. Suppose 113 = i - 4*q + 2*q, t*i - 230 = 2*q. What is the tens digit of i?
1
Let w(y) = -2*y**2 - 7*y. Let p be w(-5). Let m = 84 - 120. Let d = p - m. What is the units digit of d?
1
Let j = 423 + -57. Suppose 5*o = 2*o + j. Let t = o + -69. What is the tens digit of t?
5
Let j = 2042 + -1678. What is the hundreds digit of j?
3
Let v be (0 + -336)*2/(-2). Suppose -2*i = 2*i - v. What is the tens digit of -3*7/(i/(-40))?
1
Let a = -460 - -1136. What is the units digit of a?
6
Let z(h) be the first derivative of h**4/4 - h**3/3 - h**2/2 + 47*h - 13. What is the units digit of z(0)?
7
Let o = 239 + -209. What is the tens digit of o?
3
Let k be 49/2*(-6)/(-3). Let o(n) = n**2 + n - 4. Let l be o(-5). Let a = k - l. What is the tens digit of a?
3
Suppose -4*f = 2*s - 4092, 4*f + 2070 = 5*s - 4*s. What is the units digit of s?
4
Let w be -5 - -3*4/6. What is the units digit of (4/(-2))/(14/7)*w?
3
What is the hundreds digit of 7 + (499 + -1 - -8)?
5
Let k(s) = -6 - 2*s + 6 - 2. Let t be -2 + (2 - (7 + -2)). What is the units digit of k(t)?
8
Let r(c) = 31*c**2 - c - 38. What is the units digit of r(-5)?
2
Let c(l) = l**3 + 5*l**2 + 2. Suppose 2*j + 9 = -1. Let x be c(j). What is the tens digit of ((-13)/((-13)/42))/x?
2
Suppose -59*y = -58*y - 283. What is the tens digit of y?
8
Suppose -3*p - 558 - 2694 = 0. What is the tens digit of (-2)/6 - p/12?
9
Suppose -6*l = -2*l + 4*t + 16, l - 20 = 5*t. Suppose 15*j - 1754 - 451 = l. What is the tens digit of j?
4
Suppose -7*k = -13 - 29. Suppose -k*h = -11*h + 580. What is the hundreds digit of h?
1
Let c(j) = -j**3 - 7*j**2 + 5*j - 6. Let r be c(-7). Let p = r - 78. What is the units digit of p/(-21) + (-2)/(-6)?
6
Let l = 61 - 55. What is the tens digit of ((-62)/(-4) - l)*(-1 + 11)?
9
Let y(o) = -o**2 - 9*o - 14. Let p be y(8). Let f = -6 - p. What is the hundreds digit of f?
1
What is the units digit of (51/34)/(1 - 1991/1994)?
7
What is the thousands digit of 3 - 0 - (10 + -34*51)?
1
Suppose -v + 332 = 3*a, 15 = 3*v - 0*v. What is the tens digit of a?
0
Let k be 312488/12 + -1 + (-2)/(-6). What is the tens digit of (-10)/(-65) - (k/(-26))/3?
3
Suppose 4*u + 40 = -5*d - 10, -4*u - d - 58 = 0. Let x be (-3)/(-12) - u/4. Suppose 0 = -x*y - 2*j - 2*j, 0 = j + 5. What is the units digit of y?
5
Let c be (-25 + -4)/(-1)*3. Suppose -3*h + 33 = -c. Suppose 4*f - h - 56 = 0. What is the units digit of f?
4
Let h = 45 - 43. Suppose -h*y = 4*g - 326, 349 = 5*g + 4*y - 54. What is the tens digit of g?
8
Let o(f) = -f**3 - 14*f**2 + 21*f + 14. What is the units digit of o(-18)?
2
Let l = 341 + -209. What is the units digit of l?
2
Suppose 68*q - 62*q - 4926 = 0. What is the hundreds digit of q?
8
Let g = -336 + 630. What is the units digit of g?
4
Suppose -4*z + 5*g - 2596 = -7282, 4*z + 5*g - 4706 = 0. What is the hundreds digit of z?
1
Suppose -623*w + 633*w - 37480 = 0. What is the units digit of w?
8
What is the units digit of -1301*(135/(-117) + 8/52)?
1
Let o be (-14)/((-6 - -1) + 3). Let h(g) be the second derivative of g**5/20 - 2*g**4/3 + 3*g**3/2 + 2*g**2 + 2*g. What is the tens digit of h(o)?
1
What is the thousands digit of 2078 + (-1 - (-36)/4)?
2
What